4
Suppose 6 = 6*d - 0. Calculate the greatest common divisor of 5 and d.
1
Let b = 19 - 11. Suppose -2*a - 2*f + 180 = 0, -2*f = 4*a - 0*f - 356. What is the highest common divisor of a and b?
8
Let b be 84/9 - (-2)/3. Calculate the highest common factor of 10 and b.
10
Suppose -j = -2*j - a - 5, 5*a = -25. Let b be 0 + -1*(j + 4). Let k = 7 + b. What is the highest common divisor of k and 33?
3
Suppose -1188 = -3*f - 3*f. What is the greatest common factor of f and 22?
22
Let u be -57*(1/7 - (-17)/(-21)). What is the greatest common factor of u and 95?
19
Let s(t) = 2*t**2 - 6*t + 4. Let d be s(4). Let u(l) = l**2 - 2*l + 6. Let p be u(6). Calculate the greatest common divisor of d and p.
6
Let w be 7/21*(0 - 3). Let p(z) = 6*z**2. Let b be p(w). What is the highest common divisor of 18 and b?
6
Let k(c) = -6*c + 6. Let f be k(-5). Suppose 5*h - 2*h = f. Let p be 1 - (-45 - (4 - 2)). What is the greatest common factor of p and h?
12
Let b be 64/24*51/2. Calculate the greatest common divisor of b and 17.
17
Suppose 0 = -2*w - 2*a - 7 + 25, w = 2*a + 9. Calculate the greatest common factor of 81 and w.
9
Let l = -12 - -34. Suppose -l = -w - g - 6, 0 = 3*w + 5*g - 38. What is the highest common factor of 3 and w?
3
Let t(c) = c + 9. Let m be t(-6). Let x be m/(-4 - -3) + 171. What is the highest common factor of 24 and x?
24
Let x(f) = 4*f + 6. Let y be x(-5). Let n = 30 + y. What is the highest common factor of 16 and n?
16
Suppose -2*x = -3*g + 6*g - 14, 3*g - 18 = -3*x. Let z = g - -1. Suppose 0 = 3*y + y + 4, 5*p + z*y - 102 = 0. What is the greatest common divisor of p and 14?
7
Let t(h) = 5*h + 4. Let l be t(6). Suppose 4*b - l = 10. Suppose 5*i + 3*a - 125 = 0, -3*i - 4*a = -9*a - 41. Calculate the highest common factor of i and b.
11
Let j(t) = 4*t**2 - 8*t + 22. Let b be j(-9). What is the greatest common divisor of 38 and b?
38
Let x = -25 + 57. What is the highest common divisor of 8 and x?
8
Suppose 0*r - 3*r = -87. Let f = -11 + r. Calculate the greatest common divisor of f and 144.
18
Suppose -12*m + 9*m = -30. Calculate the highest common factor of m and 80.
10
Let u = 28 + -25. Calculate the greatest common divisor of 27 and u.
3
Suppose 11*v - 5*v = 1620. Calculate the highest common factor of 27 and v.
27
Let p = 28 + -20. Suppose -4*b + 84 = p. Calculate the greatest common factor of 38 and b.
19
Let b be 4*(6/4 - 1). Let c be -4 - -1 - (4 - (1 - -10)). Calculate the highest common divisor of b and c.
2
Suppose -5*p = 5*r - 2*p - 85, -p = 0. Suppose -2*a - 4*d = d - 39, 2*d + 49 = 3*a. Calculate the highest common divisor of a and r.
17
Let j be 13*3 - 5/15*9. Calculate the greatest common factor of j and 324.
36
Let h = -74 + 104. What is the greatest common divisor of h and 75?
15
Suppose 4 = -0*t + t. Suppose t*r - 129 = 39. What is the greatest common divisor of r and 6?
6
Let l be 2014/12 + 2/12. Suppose -l = -m - m. What is the highest common factor of m and 12?
12
Suppose -1 + 66 = 5*r. Let o(f) = f**2 - 3*f + 2. Let t be o(2). Suppose -6*q + q - 19 = -c, t = -5*q + 20. Calculate the greatest common divisor of r and c.
13
Let r be 141/27 - 2/9. Suppose 3*j + 11 = -r*n - 3, -4*n - 2*j = 12. Let q be -1 - -16*(-10)/n. Calculate the highest common factor of q and 13.
13
Let c = 38 - 74. Let q be 2/9 - 28/c. What is the highest common divisor of q and 4?
1
Suppose 2*m - 55 = -9. Calculate the highest common factor of 115 and m.
23
Let q be ((-1)/3)/((-2)/294). Suppose q = 3*m - 5. What is the highest common factor of 54 and m?
18
Suppose 3 = n + 6. Let k be (-1)/n*0 + 84. What is the highest common factor of 12 and k?
12
Suppose 3*i - 2*i + 36 = 3*p, 0 = -5*p + 4*i + 60. Suppose -p = -n - 11. Calculate the greatest common factor of 4 and n.
1
Let i be (-5 + 6)*4/2. Let o be 120/i + -2 + 5. Calculate the highest common factor of o and 9.
9
Let u = 5 + -2. Calculate the greatest common divisor of u and 2.
1
Suppose -5*h + 0 + 65 = 0. Let n = -6 + h. Calculate the greatest common divisor of n and 63.
7
Suppose -390 = -u - 2*u. What is the highest common factor of u and 5?
5
Let b(d) = d + 1. Let i be b(-1). Suppose i = 2*m - 6 - 4. Suppose 0 = -20*a + 17*a + 165. What is the highest common divisor of m and a?
5
Suppose j = -2*j + 24. Let d(t) = t**2 + 2*t - 1. Let o = -4 - -1. Let l be d(o). What is the highest common divisor of j and l?
2
Let m be -2 - (83 - (-3 + 2)). Let a = 122 + m. Calculate the greatest common divisor of a and 4.
4
Let v be 91/3 + 1/(-3). Suppose -472 + 76 = -3*g. Suppose -3 = -3*x + g. What is the greatest common divisor of x and v?
15
Let x = -2 + -2. Let s(v) = -v**2 - 8*v. Let f be s(x). Let j(u) = 7*u**2 - 2*u - 1. Let w be j(-1). Calculate the highest common factor of f and w.
8
Suppose -2*s + 13 = -3*j, 26 = -5*s + j + 91. Suppose -3*w = -28 - 14. What is the greatest common divisor of w and s?
14
Let c be ((-12)/9)/((-2)/(-6)). Let j(g) = -g**3 - 2*g**2 + 6*g + 2. Let d be j(c). What is the highest common factor of d and 60?
10
Let o(y) = -2*y**3 + 19*y**2 - 5*y - 8. Let t be o(9). Calculate the highest common divisor of t and 7.
7
Let x(o) = -o**3 + 16*o**2 - 12*o - 33. Let u be x(15). What is the highest common divisor of u and 12?
12
Let s(g) = 59*g**2 + g. Let d be s(-1). Let i(h) = -7*h + 15. Let k be i(-2). Calculate the greatest common factor of k and d.
29
Let w be 8082/21 + (-3)/(-21). What is the highest common factor of 35 and w?
35
Let o = 40 - 24. Let n(u) = 7*u + 12. Let g be n(4). Calculate the highest common factor of g and o.
8
Let r be ((-15)/(-9))/(-5)*0. Suppose 0 = -r*j - 4*j - 12. Let g = j + 53. Calculate the greatest common divisor of 10 and g.
10
Let t be ((-6)/(-5))/(12/200). Calculate the greatest common divisor of t and 20.
20
Suppose -2*o - 4*l = -124, 4*o = o + 4*l + 156. Suppose 0 = m + 4, -4*i - 2 = 4*m + 2. Let j = 10 - i. Calculate the greatest common factor of j and o.
7
Suppose -77 = -3*h - p, -25 = -7*p + 2*p. What is the highest common factor of h and 36?
12
Let h be (-15 - 6/2)/(-1). Let m = 25 - h. Calculate the greatest common factor of 63 and m.
7
Let m = 7 - 19. Let v be 3/(1 - m/(-14)). Calculate the highest common divisor of v and 147.
21
Let i = -5 - -17. Suppose 7*h + 40 = i*h. What is the highest common factor of 20 and h?
4
Suppose 3*w - 115 = -2*w. Suppose 5*h - w = 57. Let j be -3 + 3 - 0 - -8. Calculate the greatest common factor of h and j.
8
Let j(w) = w**3 - 10*w**2 - 10*w - 10. Let x be j(11). Let p be (63/9)/(x/4). What is the highest common factor of 70 and p?
14
Let a = 14 + 50. Suppose 7*x = 3*x + a. Calculate the greatest common divisor of x and 48.
16
Let f be (-54)/(-3)*(-8)/(-12). Let z = 3 - 0. Calculate the greatest common factor of z and f.
3
Let x = -1 + 10. Calculate the highest common factor of 81 and x.
9
Let a(n) = 12*n**2 - 2*n - 1. Let m be a(-1). Let c be (0 + 30)/((-4)/24). Let v = -89 - c. Calculate the highest common divisor of m and v.
13
Let y = 47 + -33. Calculate the highest common factor of 98 and y.
14
Suppose r + 4*x = 27, -15 = -3*r - x + 11. Calculate the greatest common divisor of 28 and r.
7
Let y(c) = 4*c**2 - 11*c + 4. Let p be y(3). Calculate the highest common divisor of p and 7.
7
Suppose -1 = -3*u + 2. Let j(w) = -w - 14. Let l be j(-12). Let r be (l - -3) + -1 + 2. Calculate the greatest common factor of u and r.
1
Suppose s + 37 = 3*c, 3*s + 2 = c + 3. What is the greatest common divisor of 7 and c?
7
Let d(i) = i**2 - i. Let n(h) = -7*h**2 + 2*h + 3. Let k(a) = 6*d(a) + n(a). Let u be k(-6). Let t = u - -18. Calculate the greatest common factor of 3 and t.
3
Let l(n) = -n**2 + 1. Let j be l(-1). Suppose -2*d = -6, -4*a + a + 5*d + 36 = j. Calculate the greatest common factor of a and 136.
17
Let c(s) = s + 13. Let v be c(-11). Let u(l) = -l**3 + 3*l**2 - 2*l + 2. Let z be u(v). What is the greatest common factor of 14 and z?
2
Suppose -5*x + 185 = 50. Let j(b) = 2*b + 3. Let h be 44/14 - (-3)/(-21). Let q be j(h). Calculate the greatest common divisor of q and x.
9
Suppose -5*c + 1825 = 2*p, -3*c + 775 + 294 = -4*p. What is the greatest common factor of 33 and c?
33
Suppose 5*u + 4*u = 342. Calculate the greatest common divisor of 114 and u.
38
Suppose -5*s - 2*p - 2*p = -676, -5*p + 20 = 0. Sup